71075 is divided by 883.
877
What is the remainder when 1019 is divided by 160?
59
What is the remainder when 827 is divided by 80?
27
Calculate the remainder when 4141 is divided by 14.
11
Calculate the remainder when 4891 is divided by 684.
103
Calculate the remainder when 5546 is divided by 241.
3
What is the remainder when 123426 is divided by 7?
2
What is the remainder when 225619 is divided by 473?
471
What is the remainder when 51848 is divided by 1296?
8
Calculate the remainder when 9821 is divided by 40.
21
What is the remainder when 289 is divided by 199?
90
Calculate the remainder when 325897 is divided by 15.
7
What is the remainder when 766 is divided by 242?
40
What is the remainder when 30523 is divided by 1527?
1510
What is the remainder when 233081 is divided by 116539?
3
Calculate the remainder when 170938 is divided by 24418.
12
What is the remainder when 864 is divided by 666?
198
Calculate the remainder when 40832 is divided by 2399.
49
What is the remainder when 9835 is divided by 4912?
11
What is the remainder when 9599 is divided by 108?
95
What is the remainder when 21381 is divided by 192?
69
What is the remainder when 9943 is divided by 26?
11
What is the remainder when 8053688 is divided by 21?
20
Calculate the remainder when 7876 is divided by 7699.
177
Calculate the remainder when 882 is divided by 45.
27
Calculate the remainder when 69509 is divided by 17.
13
What is the remainder when 386601 is divided by 4?
1
What is the remainder when 24165 is divided by 59?
34
What is the remainder when 2940 is divided by 357?
84
Calculate the remainder when 4458 is divided by 409.
368
Calculate the remainder when 10298 is divided by 10030.
268
What is the remainder when 2398 is divided by 353?
280
What is the remainder when 2789 is divided by 1344?
101
Calculate the remainder when 38414 is divided by 98.
96
What is the remainder when 15295 is divided by 15205?
90
Calculate the remainder when 59783 is divided by 198.
185
Calculate the remainder when 4547 is divided by 91.
88
Calculate the remainder when 32018 is divided by 224.
210
What is the remainder when 144869 is divided by 277?
275
What is the remainder when 1919 is divided by 712?
495
Calculate the remainder when 737 is divided by 537.
200
What is the remainder when 2696510 is divided by 15?
5
What is the remainder when 52073 is divided by 526?
525
Calculate the remainder when 147489 is divided by 36.
33
Calculate the remainder when 429337 is divided by 182.
181
What is the remainder when 18687 is divided by 6190?
117
What is the remainder when 29715 is divided by 18?
15
Calculate the remainder when 31143 is divided by 41.
24
Calculate the remainder when 857 is divided by 100.
57
What is the remainder when 6689557 is divided by 82?
79
Calculate the remainder when 72697 is divided by 25.
22
Calculate the remainder when 2045 is divided by 346.
315
What is the remainder when 83625 is divided by 207?
204
Calculate the remainder when 51503 is divided by 13.
10
What is the remainder when 4102 is divided by 228?
226
What is the remainder when 345235 is divided by 34520?
35
Calculate the remainder when 5016 is divided by 5015.
1
What is the remainder when 5608 is divided by 278?
48
What is the remainder when 110282 is divided by 855?
842
What is the remainder when 446749 is divided by 255?
244
What is the remainder when 97348 is divided by 22?
20
What is the remainder when 8374 is divided by 95?
14
What is the remainder when 244233 is divided by 244219?
14
Calculate the remainder when 91096 is divided by 43.
22
What is the remainder when 44095 is divided by 148?
139
Calculate the remainder when 4395 is divided by 737.
710
What is the remainder when 4440 is divided by 91?
72
Calculate the remainder when 6254 is divided by 1039.
20
Calculate the remainder when 33131 is divided by 705.
701
What is the remainder when 2154 is divided by 276?
222
Calculate the remainder when 168291 is divided by 707.
25
What is the remainder when 136323 is divided by 173?
172
Calculate the remainder when 45074 is divided by 230.
224
Calculate the remainder when 21394 is divided by 540.
334
Calculate the remainder when 13404 is divided by 4406.
186
Calculate the remainder when 202931 is divided by 131.
12
Calculate the remainder when 5147135 is divided by 383.
381
What is the remainder when 918931 is divided by 9?
4
Calculate the remainder when 324664 is divided by 9.
7
Calculate the remainder when 519017 is divided by 60.
17
Calculate the remainder when 541005 is divided by 38642.
17
Calculate the remainder when 70557 is divided by 196.
193
Calculate the remainder when 3551 is divided by 1015.
506
What is the remainder when 3606605 is divided by 123?
122
Calculate the remainder when 84854 is divided by 62.
38
Calculate the remainder when 1211 is divided by 86.
7
What is the remainder when 11166 is divided by 127?
117
What is the remainder when 2589 is divided by 1282?
25
Calculate the remainder when 67639 is divided by 49.
19
What is the remainder when 34626 is divided by 6925?
1
What is the remainder when 31262 is divided by 368?
350
Calculate the remainder when 318236 is divided by 318233.
3
What is the remainder when 1413552 is divided by 261?
237
What is the remainder when 70165 is divided by 212?
205
Calculate the remainder when 47398 is divided by 948.
946
Calculate the remainder when 12667 is divided by 4.
3
What is the remainder when 45781 is divided by 97?
94
Calculate the remainder when 72567 is divided by 1320.
1287
Calculate the remainder when 90693 is divided by 24.
21
What is the remainder when 85779 is divided by 17134?
109
What is the remainder when 2680 is divided by 25?
5
What is the remainder when 1604035 is divided by 25?
10
What is the remainder when 85586 is divided by 141?
140
Calculate the remainder when 32128 is divided by 127.
124
Calculate the remainder when 191679 is divided by 19.
7
Calculate the remainder when 83684 is divided by 1579.
1576
Calculate the remainder when 11159 is divided by 11158.
1
Calculate the remainder when 12726 is divided by 12713.
13
Calculate the remainder when 7991 is divided by 304.
87
What is the remainder when 970 is divided by 327?
316
What is the remainder when 260565 is divided by 86855?
0
What is the remainder when 151044 is divided by 17?
16
What is the remainder when 3288 is divided by 117?
12
Calculate the remainder when 17032 is divided by 11.
4
Calculate the remainder when 754800 is divided by 63.
60
What is the remainder when 76907 is divided by 76882?
25
Calculate the remainder when 1720 is divided by 343.
5
Calculate the remainder when 2318 is divided by 334.
314
What is the remainder when 160201 is divided by 19?
12
Calculate the remainder when 77138 is divided by 133.
131
Calculate the remainder when 9187 is divided by 1451.
481
What is the remainder when 390315 is divided by 269?
265
Calculate the remainder when 26132 is divided by 311.
8
What is the remainder when 463163 is divided by 814?
811
What is the remainder when 4314 is divided by 46?
36
What is the remainder when 19410 is divided by 27?
24
Calculate the remainder when 1937 is divided by 239.
25
Calculate the remainder when 84281 is divided by 505.
451
What is the remainder when 16693 is divided by 317?
209
What is the remainder when 10155 is divided by 221?
210
Calculate the remainder when 1467 is divided by 726.
15
Calculate the remainder when 6037 is divided by 49.
10
Calculate the remainder when 1437 is divided by 75.
12
Calculate the remainder when 16814 is divided by 578.
52
Calculate the remainder when 775581 is divided by 33.
15
Calculate the remainder when 8600 is divided by 2438.
1286
Calculate the remainder when 37208 is divided by 34.
12
What is the remainder when 36922 is divided by 12288?
58
What is the remainder when 894 is divided by 59?
9
Calculate the remainder when 160011 is divided by 399.
12
Calculate the remainder when 539161 is divided by 63.
7
Calculate the remainder when 31591 is divided by 2853.
208
What is the remainder when 15301 is divided by 300?
1
Calculate the remainder when 4224 is divided by 722.
614
Calculate the remainder when 11213 is divided by 5585.
43
Calculate the remainder when 83509 is divided by 26.
23
Calculate the remai